 remainder when 1208 is divided by 110?
108
Calculate the remainder when 143 is divided by 59.
25
Calculate the remainder when 205 is divided by 127.
78
What is the remainder when 1544 is divided by 15?
14
What is the remainder when 1363 is divided by 131?
53
Calculate the remainder when 74 is divided by 17.
6
Calculate the remainder when 628 is divided by 210.
208
What is the remainder when 3658 is divided by 152?
10
Calculate the remainder when 576 is divided by 456.
120
Calculate the remainder when 203 is divided by 13.
8
Calculate the remainder when 4984 is divided by 16.
8
What is the remainder when 245 is divided by 29?
13
Calculate the remainder when 135 is divided by 35.
30
What is the remainder when 684 is divided by 43?
39
Calculate the remainder when 145 is divided by 48.
1
What is the remainder when 3502 is divided by 8?
6
What is the remainder when 6395 is divided by 14?
11
Calculate the remainder when 1959 is divided by 28.
27
Calculate the remainder when 715 is divided by 235.
10
Calculate the remainder when 300 is divided by 142.
16
Calculate the remainder when 1259 is divided by 10.
9
What is the remainder when 182 is divided by 22?
6
Calculate the remainder when 1684 is divided by 834.
16
Calculate the remainder when 2453 is divided by 51.
5
Calculate the remainder when 9223 is divided by 94.
11
What is the remainder when 157 is divided by 18?
13
What is the remainder when 7404 is divided by 9?
6
What is the remainder when 20883 is divided by 92?
91
Calculate the remainder when 706 is divided by 118.
116
Calculate the remainder when 7413 is divided by 35.
28
Calculate the remainder when 26 is divided by 6.
2
Calculate the remainder when 57 is divided by 12.
9
Calculate the remainder when 684 is divided by 36.
0
Calculate the remainder when 214 is divided by 35.
4
Calculate the remainder when 135 is divided by 21.
9
What is the remainder when 27 is divided by 11?
5
What is the remainder when 985 is divided by 58?
57
Calculate the remainder when 2117 is divided by 24.
5
What is the remainder when 43 is divided by 37?
6
Calculate the remainder when 1024 is divided by 20.
4
Calculate the remainder when 26 is divided by 14.
12
What is the remainder when 587 is divided by 54?
47
What is the remainder when 16066 is divided by 52?
50
Calculate the remainder when 287 is divided by 72.
71
What is the remainder when 179 is divided by 91?
88
Calculate the remainder when 45 is divided by 24.
21
Calculate the remainder when 317 is divided by 17.
11
What is the remainder when 5721 is divided by 83?
77
What is the remainder when 99 is divided by 26?
21
What is the remainder when 403 is divided by 11?
7
Calculate the remainder when 1754 is divided by 49.
39
Calculate the remainder when 8062 is divided by 18.
16
What is the remainder when 555 is divided by 190?
175
What is the remainder when 28 is divided by 25?
3
What is the remainder when 637 is divided by 237?
163
What is the remainder when 4353 is divided by 13?
11
What is the remainder when 3695 is divided by 12?
11
Calculate the remainder when 998 is divided by 11.
8
Calculate the remainder when 24056 is divided by 99.
98
What is the remainder when 4338 is divided by 12?
6
What is the remainder when 142 is divided by 50?
42
What is the remainder when 1490 is divided by 32?
18
What is the remainder when 301 is divided by 21?
7
What is the remainder when 2006 is divided by 133?
11
Calculate the remainder when 22859 is divided by 180.
179
What is the remainder when 6721 is divided by 82?
79
What is the remainder when 9106 is divided by 67?
61
What is the remainder when 351 is divided by 326?
25
What is the remainder when 1170 is divided by 27?
9
What is the remainder when 448 is divided by 44?
8
What is the remainder when 506 is divided by 43?
33
Calculate the remainder when 308 is divided by 12.
8
Calculate the remainder when 33 is divided by 2.
1
What is the remainder when 4379 is divided by 37?
13
What is the remainder when 42 is divided by 36?
6
Calculate the remainder when 212 is divided by 39.
17
Calculate the remainder when 312 is divided by 91.
39
What is the remainder when 263 is divided by 66?
65
What is the remainder when 1705 is divided by 61?
58
What is the remainder when 53 is divided by 23?
7
What is the remainder when 516 is divided by 40?
36
What is the remainder when 303 is divided by 74?
7
Calculate the remainder when 22 is divided by 1.
0
What is the remainder when 990 is divided by 21?
3
What is the remainder when 61 is divided by 22?
17
Calculate the remainder when 18986 is divided by 40.
26
What is the remainder when 19 is divided by 8?
3
Calculate the remainder when 3520 is divided by 235.
230
Calculate the remainder when 3684 is divided by 11.
10
What is the remainder when 58 is divided by 18?
4
Calculate the remainder when 49 is divided by 17.
15
Calculate the remainder when 221 is divided by 4.
1
Calculate the remainder when 1122 is divided by 45.
42
Calculate the remainder when 6880 is divided by 93.
91
Calculate the remainder when 21 is divided by 11.
10
Calculate the remainder when 513 is divided by 36.
9
What is the remainder when 12 is divided by 8?
4
What is the remainder when 560 is divided by 143?
131
What is the remainder when 4897 is divided by 196?
193
Calculate the remainder when 58101 is divided by 278.
277
Calculate the remainder when 239 is divided by 67.
38
Calculate the remainder when 302 is divided by 105.
92
Calculate the remainder when 162 is divided by 29.
17
What is the remainder when 710 is divided by 28?
10
What is the remainder when 2526 is divided by 79?
77
Calculate the remainder when 22 is divided by 8.
6
Calculate the remainder when 122 is divided by 38.
8
Calculate the remainder when 66 is divided by 33.
0
Calculate the remainder when 108 is divided by 49.
10
What is the remainder when 3358 is divided by 51?
43
What is the remainder when 38517 is divided by 9?
6
Calculate the remainder when 207 is divided by 72.
63
What is the remainder when 37733 is divided by 114?
113
What is the remainder when 855 is divided by 804?
51
What is the remainder when 657 is divided by 147?
69
Calculate the remainder when 13394 is divided by 19.
18
Calculate the remainder when 709 is divided by 12.
1
What is the remainder when 21543 is divided by 14?
11
Calculate the remainder when 33 is divided by 9.
6
What is the remainder when 319 is divided by 81?
76
What is the remainder when 68 is divided by 24?
20
What is the remainder when 154 is divided by 62?
30
Calculate the remainder when 57 is divided by 22.
13
What is the remainder when 2565 is divided by 71?
9
What is the remainder when 184 is divided by 17?
14
Calculate the remainder when 107 is divided by 26.
3
What is the remainder when 31 is divided by 14?
3
What is the remainder when 1363 is divided by 7?
5
What is the remainder when 72 is divided by 19?
15
Calculate the remainder when 175 is divided by 13.
6
Calculate the remainder when 263 is divided by 27.
20
What is the remainder when 17522 is divided by 26?
24
What is the remainder when 221 is divided by 25?
21
What is the remainder when 19133 is divided by 18?
17
Calculate the remainder when 71 is divided by 13.
6
What is the remainder when 12 is divided by 2?
0
What is the remainder when 447 is divided by 14?
13
What is the remainder when 39 is divided by 36?
3
What is the remainder when 1648 is divided by 20?
8
What is the remainder when 111 is divided by 29?
24
Calculate the remainder when 261 is divided by 85.
6
Calculate the remainder when 465 is divided by 26.
23
What is the remainder when 156 is divided by 69?
18
Calculate the remainder when 292 is divided by 83.
43
Calculate the remainder when 4339 is divided by 35.
34
Calculate the remainder when 311 is divided by 26.
25
Calculate the remainder when 99 is divided by 34.
31
What is the remainder when 154 is divided by 23?
16
What is the remainder when 171 is divided by 29?
26
What is the remainder when 155 is divided by 69?
17
Calculate the remainder when 295 is divided by 146.
3
Calculate the remainder when 774 is divided by 380.
14
What is the remainder when 463 is divided by 76?
7
What is the remainder when 1262 is divided by 293?
90
Calculate the remainder when 2954 is divided b